?
2
Let v(j) = -5*j**3 - 26*j**2 + 60*j + 2. What is the hundreds digit of v(-9)?
0
Let w(i) = -i**3 - 5*i**2 + 5*i - 4. Let l be w(-6). Let j be l/10*-62*-15. Suppose x + j = 4*x. What is the tens digit of x?
6
Suppose -b + 4*c - 524 = -3*b, -4*b = -3*c - 1037. What is the tens digit of 18/12*b/6?
6
What is the units digit of 4114/14 + (10/(-35))/(-2)?
4
Let s(g) = -42*g**3 - 6*g**2 + 4*g + 10. What is the hundreds digit of s(-3)?
0
Let n be 1/4 - 492/(-16). Suppose 4*y = 4*l, -4*y - 3*l = -n + 3. Suppose 84 = 2*j - o, -4*o = -y*j + 178 - 2. What is the units digit of j?
0
Suppose 8 = q - 6. Let m(j) = -j**2 + 23*j + 30. Let f be m(q). Suppose -2*x - f = -4*n - 0*x, 3*n - 2*x = 118. What is the units digit of n?
8
Let j(n) = -4*n**3 - 7*n**3 + 11*n**2 + 12*n**3 - 6 - 14*n. What is the tens digit of j(-10)?
3
Let t(v) = v**3 + 11*v**2 + 8*v - 1. Let o(l) = l**2 + 5*l - 18. Let m be o(-14). Let b be (-1104)/m - 4/(-18). What is the tens digit of t(b)?
1
Let g(v) = 14*v + 7. Suppose c - 10 = -w, -c = 2*c - 5*w + 10. Let o be g(c). What is the units digit of (-86)/(-11) - (-14)/o?
8
Let l(r) = 99*r + 27 - 81*r - r**2 + 0*r**2. What is the units digit of l(14)?
3
Let d(b) be the first derivative of 2*b**3/3 + 2*b**2 + 5*b - 22. What is the tens digit of d(4)?
5
Let f = -4970 + 10117. What is the tens digit of f?
4
Let t(x) = 102*x**2 + 101*x**2 - 199*x**2 - 46 - 12*x. What is the units digit of t(-6)?
0
Let l = -8 - -13. Suppose -2 = l*c - 12. Suppose -c*o - 23 = -83. What is the units digit of o?
0
Let v(s) = 19*s**2 - 4*s - 2. Let a be v(3). Suppose 0 = -44*t + 45*t - a. What is the hundreds digit of t?
1
Suppose -52 = 3*n - 7. What is the units digit of (-1179)/n - 8/(-20)?
9
Suppose 5*o - 338 = 3*o. Let w = o - 87. What is the units digit of w?
2
Let k be 135/21 - 15/35. Suppose k*z + 308 = 13*z. What is the units digit of z?
4
Let v(z) = 16*z**3 - 15*z**2 + 17. What is the hundreds digit of v(4)?
8
Let j = -60 + 81. Let d = 118 + j. What is the tens digit of d?
3
Let m(b) = -38*b**2 - 2*b + 2. Let a be m(-2). Let i = 102 + a. Let q = -31 - i. What is the tens digit of q?
1
Let z be -22 + -3 - ((-5)/(-5) - 2). Suppose p = -2*d - 43 - 88, -4*d = -p + 253. Let l = z - d. What is the units digit of l?
0
Let w(v) = -3*v**3 + v**2 - 2*v + 726. What is the units digit of w(0)?
6
Let l be 9/2*(-56)/(-21). Let i = 20 - l. Suppose 6*f = 4*f + i. What is the units digit of f?
4
Let p = -2247 + 3777. What is the hundreds digit of p?
5
Suppose -19*g + 14*g = -2*n + 1090, 532 = n + 4*g. What is the hundreds digit of n?
5
What is the hundreds digit of (20/70)/1 + 3939/7?
5
Let t(j) = j**2 + j + 6. Suppose 2*w = -15 - 3. What is the tens digit of t(w)?
7
Let m be -99 + (-2)/(-12) + 51/18. Let r = m - -227. What is the tens digit of r?
3
Let w = 192 - -94. Suppose 0*v - 4*v - 8 = 0, 0 = 4*y - 3*v - w. What is the units digit of y?
0
Suppose c + 6816 = 5*g, -5*c - 13 + 8 = 0. What is the hundreds digit of g?
3
Let g be 24/7*(2 - 370/(-4)). Suppose 0*u - g = -6*u. What is the units digit of u?
4
Suppose 0 = -2*p - 2*f + 3354, p = -3*f + 7*f + 1652. What is the tens digit of p?
7
Let h(k) = -17*k + 32. What is the units digit of h(-20)?
2
Let a(g) = -g**3 + 9*g**2 + 8*g + 1. Let j be a(10). Let d = 32 + j. What is the units digit of d?
3
Let r(v) = -v**3 + 15*v**2 + 27*v - 10. What is the tens digit of r(16)?
6
Let w = -16 + 27. Suppose -17 + 142 = 5*z - 5*b, z + 4*b - 20 = 0. Suppose 5*n - 28 - w = -3*a, 0 = 3*n + 2*a - z. What is the units digit of n?
6
Let l(y) = y**3 - 9*y**2 + 9*y - 9. Let t be l(8). Let w(k) be the third derivative of k**5/15 - k**3/6 - k**2. What is the units digit of w(t)?
3
Let s be (3/2)/(9/12). Let p be s/9 + (-28)/(-36). What is the units digit of (-9 + 10)/(p/2)?
2
Let v = 4 + -2. Let h be ((-2)/4)/(v/(-788)). Suppose 4*r - 5*m - 55 = 214, 0 = 3*r + m - h. What is the units digit of r?
6
Let y = -76 + 51. Let v = y - -110. What is the units digit of v?
5
Suppose -4*b + 176 = -564. Suppose -b = -6*l + 613. What is the units digit of l?
3
Suppose 0 = -3*y + 41 + 169. Let m = 331 + -316. Suppose -5*b - 5*w + m = -y, -5*b - w = -101. What is the units digit of b?
1
Let l be 835/35 + 1/7. Let j = 37 - l. What is the tens digit of j?
1
Suppose -4*z - 37 + 41 = 0, -4588 = -5*j - 3*z. What is the tens digit of j?
1
Let h = 94 + -24. Let m = h + -41. What is the units digit of m?
9
Let a be (-6 - -31) + 1/1. Let u = a - 22. Suppose -s + u*s - 132 = 0. What is the tens digit of s?
4
Suppose 4*c + 2*b + 19 = -11, 21 = -c - 5*b. What is the tens digit of (262/c)/(1/(-3))?
3
Let o(u) = -u**3 + 3*u**2. Suppose 0*i - 5*d + 15 = 5*i, -d = -1. Let y be o(i). Suppose y*a + 36 = 8*a. What is the units digit of a?
9
Let s = -29 - -19. Let q be s/35 + (-32)/(-14). Suppose 0 = 2*d - 0 - q. What is the units digit of d?
1
Suppose d = -5*t + 1259, 3*d - 85 = -4*t + 3648. What is the tens digit of d?
3
Let c(b) = -b**3 + 6*b**2 + 8*b - 9. Let j be c(7). Let l(i) = -8*i + 3. What is the tens digit of l(j)?
1
Let d(c) = -c**3 - 7*c**2 - 3*c + 2. Let o(h) = -h**3 - 5*h**2 + h. Let r be o(-5). Let i be d(r). What is the units digit of 19/2 + i/(-22)?
1
Let k = 74 + -67. Suppose -t = -2, -2*t - 501 = -k*j + 2*j. What is the units digit of j?
1
Let c = -17 + 21. Suppose -5*r - 8 = o, c*o + 2 = -6*r + r. What is the units digit of o/10 + (-57)/(-15)?
4
Let h(u) = 72*u**2 + 18*u + 121. What is the units digit of h(-6)?
5
Let r(f) = 16*f**3 - 11*f**2 - 3*f + 54. What is the tens digit of r(6)?
9
Let v(q) = 6*q**2 + 6*q - 53. What is the tens digit of v(-16)?
8
Suppose 6*u = -4*u + 2500. What is the hundreds digit of u?
2
Suppose 36*m = 85 + 131. Let w(d) = -d**3 - 3*d**2 - 3*d - 7. Let h be w(-5). Suppose 0 = -m*s + 4*s + h. What is the tens digit of s?
2
Let n be 1*4*1/(12/15). Suppose -9*c + 125 = n*j - 6*c, -107 = -4*j - c. What is the units digit of j?
8
Let v(f) = -15*f - 27. What is the tens digit of v(-7)?
7
Suppose -144 = -0*m - 4*m. Suppose 1 = 2*j - f, 0 = -3*f - 11 + 2. What is the units digit of (9/(m/(-80)))/j?
0
Suppose -6*x + 4*x = -6. Suppose 3*p - 4*j = -2*p + 18, 0 = 2*j + 4. Suppose -p*d + 9 = -x. What is the units digit of d?
6
Suppose 5*i - 4791 = -2*x, -x + 2105 = 2*i + 189. What is the hundreds digit of i?
9
What is the units digit of (1854 + 4 + -8)*7/14?
5
Suppose -5*h - 3 - 22 = 0, 5*r + 2*h = -20. What is the units digit of (-4512)/(-72)*(0 + (-3)/r)?
4
Suppose -3*p + 7028 = 4*y, -3*y - 4674 = -2*p - 0*y. What is the units digit of p?
0
Suppose 315*w - 317*w + 2612 = 0. What is the units digit of w?
6
Suppose -4*p = 3*j - 3315, -5*p - 5*j - 800 = -6*p. What is the tens digit of p?
2
Let j = 60 - 56. What is the hundreds digit of (464/(-8))/(j/(-10))?
1
Let o be 4/(-10) - 572/20. Let u = o - -32. Suppose 2*t + u*t - 195 = 0. What is the units digit of t?
9
Let r(w) = -11*w - 5. Let x be r(-2). Let a = -17 + x. Suppose a = -2*g + 7*g - 225. What is the tens digit of g?
4
What is the hundreds digit of (-24)/84 - (1 - 29600/14)?
1
Suppose -4*b = -3*b - 3. Suppose -2*n - t + 5 = 0, 0 + 3 = -b*t. Suppose 2*u + h - n*h - 36 = 0, 5*h = -4*u + 72. What is the units digit of u?
8
Suppose -2*o - 448 = 44. Let v = o - -391. What is the hundreds digit of v?
1
Suppose -4*q + 639 = 3*u, 0 = 3*q + 4*u - u - 477. What is the hundreds digit of q?
1
Suppose 2*l - 3*l - a = 7, 3*l - 4*a = -35. Let f = -13 - l. Let w(c) = 4*c**2 + c + 8. What is the tens digit of w(f)?
6
Let q(f) = -4*f - 12. Let n be q(-4). Suppose p - 390 = -n*p. What is the tens digit of p?
7
Let w be 725/55 - 4/22. Suppose -2*g - 12 = -g + 3*f, -5*f - w = 4*g. Let r(u) = -u**3 + 4*u**2 + u - 1. What is the tens digit of r(g)?
1
Suppose x + 4*y = 12 - 126, -3*y = 5*x + 502. Let s = -125 + 59. Let t = s - x. What is the units digit of t?
2
Let o be (-9)/15 + 704/(-10). Let n = o - -92. What is the units digit of n?
1
Suppose 33766 = 23*m + 1589. What is the hundreds digit of m?
3
Let q = 204 + -369. Let t = -93 - q. What is the tens digit of t?
7
Let u be -4*25/10*3/(-6). Suppose -7*r = u*r - 1080. What is the units digit of r?
0
Let w(p) = -16 - 10*p + 3*p - 37*p + 46. What is the units digit of w(-3)?
2
Let q(c) = c**3 - 9*c**2 + 2*c - 12. Let z be q(9). Suppose -n + 4*n - z = 0. Supp